What is 1021002202101220 (base 3) in base 5?
14114420414
122212211010 (base 3) to base 12
14b833
-211313013 (base 4) to base 3
-21212201200
35421405 (base 7) to base 3
12220002112120
What is 281c35 (base 16) in base 6?
132201421
Convert -12cc (base 15) to base 16.
-fb1
-819903 (base 12) to base 13
-560259
-2412614 (base 7) to base 3
-120112122022
Convert -aa466 (base 11) to base 15.
-32751
Convert 2529366 (base 11) to base 3.
22021001001022
What is 135855 (base 14) in base 7?
5452535
Convert -11123323 (base 4) to base 15.
-68e7
Convert d5693 (base 14) to base 5.
112430213
624541 (base 7) to base 3
12110011201
What is 13330302 (base 5) in base 3?
20221000011
-11001101010001100 (base 2) to base 4
-121222030
What is -651d38 (base 14) in base 8?
-15040156
What is 98210 (base 11) in base 10?
142670
What is 99348 (base 11) in base 15?
2caad
-745083 (base 10) to base 9
-1355050
Convert -7994 (base 16) to base 8.
-74624
Convert 1010201200 (base 3) to base 7.
122211
8b788 (base 13) to base 15
503a0
What is -12806030 (base 9) in base 11?
-3629329
-44559 (base 11) to base 12
-31439
Convert -11011000011000000 (base 2) to base 13.
-3b56b
What is 12342033334 (base 5) in base 15?
1500a64
Convert -13004403 (base 5) to base 10.
-125603
-1244641 (base 9) to base 3
-1021111201101
310223310 (base 4) to base 16
34af4
What is -311684 (base 9) in base 10?
-184999
What is 404311020 (base 6) in base 15?
91d4b0
Convert -57421 (base 16) to base 9.
-604241
What is -11422436 (base 8) in base 7?
-30151152
Convert 55330 (base 13) to base 6.
3150304
What is -33a859a (base 11) in base 15?
-7c9958
What is -a90f (base 16) in base 10?
-43279
Convert -14330155 (base 6) to base 12.
-1b995b
Convert -245456 (base 8) to base 12.
-41092
11100111111001011 (base 2) to base 6
2313403
Convert 3461240 (base 11) to base 10.
6048350
What is -268c63 (base 13) in base 14?
-1a4365
Convert -1200000100111 (base 3) to base 10.
-885991
Convert 11300020233 (base 4) to base 15.
1ebbac
What is 914705 (base 10) in base 6?
31334425
Convert -1624853 (base 9) to base 16.
-dc545
Convert -3202011010 (base 4) to base 15.
-13459a
What is 11110110001111101010 (base 2) in base 16?
f63ea
-2102111012 (base 3) to base 14
-13581
Convert 5164156 (base 7) to base 3.
1011112202001
Convert 102420323 (base 5) to base 16.
6a601
Convert 10010011101101000101001 (base 2) to base 3.
100002220012102
Convert 22233001302 (base 4) to base 6.
140152030
-52795 (base 13) to base 11
-a1634
What is -2733731 (base 9) in base 4?
-11231321002
Convert -b0034 (base 14) to base 13.
-11a495
1137bd (base 15) to base 6
25340554
-1144209 (base 13) to base 8
-24231411
What is -10202400014 (base 5) in base 4?
-220121212222
Convert 100112020020120 (base 3) to base 6.
300304110
Convert -51bc7 (base 16) to base 8.
-1215707
Convert -30120202 (base 4) to base 5.
-3110342
What is 1330120330 (base 4) in base 12?
206a24
111023230303 (base 4) to base 8
25135463
-1110100001111010000100 (base 2) to base 15
-50386a
Convert 5a82a7 (base 13) to base 9.
4052120
What is 36433 (base 11) in base 15?
10804
What is 10011011100010111001110 (base 2) in base 16?
4dc5ce
What is 4400352 (base 8) in base 6?
41142230
1981032 (base 13) to base 12
2990770
Convert 1110101101000011110110 (base 2) to base 12.
135a7b2
Convert -122f8b (base 16) to base 11.
-744482
What is -43a3aa (base 14) in base 13?
-624631
What is 7571526 (base 8) in base 7?
23145425
Convert 1125431 (base 15) to base 14.
18b5343
What is 31023353 (base 6) in base 2?
11011001001111110101
What is -150601 (base 7) in base 5?
-1412412
What is -a75c4 (base 13) in base 11?
-196990
What is 1000101110010011 (base 2) in base 6?
433231
-1102120102 (base 3) to base 15
-84e8
Convert -100110001110001101 (base 2) to base 10.
-156557
What is -110001000000 (base 2) in base 12?
-1994
What is 25304 (base 13) in base 5?
4143433
Convert -6525173 (base 8) to base 3.
-10021210020011
38426 (base 13) to base 6
2121155
Convert -102101402 (base 5) to base 9.
-717264
What is 94c3b (base 13) in base 3?
111121111210
-10022112322 (base 4) to base 7
-12162523
-1220020321 (base 4) to base 16
-68239
What is becd7 (base 16) in base 7?
6433335
Convert 4616217 (base 8) to base 7.
13434406
-143004 (base 12) to base 6
-11120004
What is -3bf1 (base 16) in base 5?
-442340
What is 8d95 (base 14) in base 12?
12307
-246477 (base 11) to base 16
-5f064
5715051 (base 10) to base 9
11670516
-1522bc (base 16) to base 5
-323311043
-605610 (base 7) to base 15
-20723
-10100100111101011 (base 2) to base 13
-2c59b
Convert 101001104 (base 5) to base 11.
258379
Convert -2adcb1 (base 15) to base 6.
-112223221
-2656353 (base 10) to base 14
-4d20b7
Convert -581817 (base 9) to base 11.
-219338
-3a3c8 (base 13) to base 11
-74427
104504554 (base 6) to base 10
1906198
-18739842 (base 10) to base 11
-a63a580
Convert -113944 (base 10) to base 9.
-183264
Convert -2133333 (base 6) to base 8.
-316431
Convert -63750 (base 11) to base 3.
-11201012212
Convert -113220 (base 6) to base 14.
-3804
What is 116811 (base 9) in base 12?
34a6a
What is 2326a56 (base 11) in base 6?
223042330
-456015 (base 11) to base 12
-2ab96b
52626372 (base 8) to base 12
390bbb6
What is 11114434 (base 5) in base 13?
35878
30011213 (base 5) to base 6
5012451
Convert 1a5466 (base 13) to base 4.
2203033220
Convert -7ddd6 (base 15) to base 13.
-110901
What is -2224533 (base 6) in base 7?
-646023
What is -521037 (base 14) in base 5?
-1202044440
What is -10175232 (base 8) in base 2?
-1000001111101010011010
Convert -b4ce51 (base 16) to base 12.
-3b75295
Convert 31b22b (base 13) to base 6.
41002410
What is -425474 (base 9) in base 12?
-10274a
-10361232 (base 9) to base 5
-2240003102
21110210210 (base 3) to base 10
147117
What is 23790 (base 13) in base 15?
143e3
2c215 (base 16) to base 15
38857
Convert 8195797 (base 10) to base 9.
16371461
280032 (base 9) to base 13
5c873
What is 625012 (base 7) in base 16?
1a368
Convert 90a5c (base 15) to base 13.
1305ab
100101100100010111101 (base 2) to base 7
13315013
What is 1004334130 (base 5) in base 16?
1eef97
Convert 132203112 (base 4) to base 5.
13001032
What is a16d (base 16) in base 15?
c3a0
What is -5a66861 (base 11) in base 10?
-10565182
-22102200000220 (base 3) to base 6
-240014123
-422102134 (base 5) to base 4
-12230011023
Convert 4433365 (base 7) to base 12.
22414a
What is -3532251 (base 6) in base 9?
-308354
Convert -120211121200 (base 3) to base 16.
-4c1b5
What is 1a91ad (base 15) in base 8?
4744004
11111111101110111 (base 2) to base 15
28be0
Convert c9313 (base 14) to base 5.
111030133
-1020012222012 (base 3) to base 9
-1205865
101000001101101011 (base 2) to base 13
59c85
-15c3a3 (base 14) to base 11
-481749
-413a4d (base 16) to base 10
-4274765
Convert 1523c8 (base 13) to base 9.
871137
Convert -2023220400 (base 5) to base 9.
-7664376
What is 1335532 (base 6) in base 15?
17402
What is -212035 (base 11) in base 13?
-bb670
-201020021111 (base 3) to base 7
-3134440
-199447 (base 10) to base 15
-3e167
4750122 (base 8) to base 13
366069
1783513 (base 11) to base 16
2e1772
What is 14620556 (base 7) in base 11?
876990
Convert 3430577 (base 8) to base 10.
930175
-2686828 (base 9) to base 13
-3c8315
Convert 3111331012 (base 4) to base 14.
18b530
What is 4505454 (base 7) in base 15?
aeda6
4346146 (base 11) to base 2
11101001000010010010110
-577ae8 (base 15) to base 8
-17736677
What is -1102101002 (base 3) in base 10?
-27974
12020101020 (base 3) to base 4
121022121
Convert 330113341 (base 5) to base 6.
50121543
-14632672 (base 8) to base 7
-40345343
What is -11101001010100011000110 (base 2) in base 4?
-131022203012
Convert -1a8302 (base 13) to base 12.
-286750
What is 134045025 (base 6) in base 2?
1010010110001100001001
What is 12301525 (base 6) in base 5?
100200424
9db31 (base 15) to base 10
502021
What is -4264343 (base 7) in base 14?
-d77ca
What is 1022012 (base 3) in base 15?
435
-2113514 (base 9) to base 5
-242143342
-42a894 (base 11) to base 4
-2213323323
-1102714 (base 9) to base 7
-5015326
What is 247390 (base 13) in base 16?
d5181
Convert 17471a (base 12) to base 3.
202102100011
473a941 (base 11) to base 4
133203201200
What is -110843 (base 13) in base 8?
-1417555
-21557 (base 10) to base 8
-52065
What is -215936 (base 11) in base 13?
-c0a80
-171234 (base 